 third derivative of -i**5/15 - 11*i**4/8 + 13*i**3/6 - 1426*i**2. Calculate s(-8).
21
Let g(o) = 38*o**2 + 5*o - 4. Suppose 12 = -6*x, -513*r + 3 = -514*r - 2*x. Determine g(r).
39
Let u be 102 - 30/(-20)*(-6)/(-9). Suppose -19*r = -144 - u. Let c(a) = a - 21. What is c(r)?
-8
Let r(i) = -5*i**2 + 3*i - 4. Suppose 21 - 11 = 17*p - 24. Determine r(p).
-18
Suppose -2*x - 3618*l - 3 = -3613*l, -2*x - 13 = 3*l. Let s(w) = -w**2 - 9*w + 63. Give s(x).
-7
Let w(i) = -5 - 1 - i + 5. Suppose -5*d + 29*g - 27*g = 0, 0 = -16*d + g. Calculate w(d).
-1
Let t(a) = -102*a - 102*a - 2 - 6*a**3 + 216*a - 8*a**2 + 3*a**3 + 4*a**3. Calculate t(7).
33
Let y(m) = m**3 - 12*m**2 + 10*m + 13. Let c = -348 + 351. Suppose 4*w + 2*h = 42, -7*w = -6*w + c*h - 8. Calculate y(w).
2
Let k(c) be the second derivative of -c**4/6 - 2*c**3/3 + 3*c**2/2 - c. Let a(u) = -4*u - 275. Let y be a(-71). Let z be (y/(-45)*-10)/(-1 + 2). Calculate k(z).
-13
Let n(p) = 34*p - 812. Let f be n(24). Let o(i) be the first derivative of -5*i**2/2 - 2*i + 46. Calculate o(f).
-22
Let n be (-8)/(-2)*-1 - (75 + -77). Let z be (-18)/(-72)*0/n. Let g(r) = 4*r - 7 - 3*r - 1. Calculate g(z).
-8
Let l(v) = 138 - 59 - 316*v + 295*v. Let w be l(4). Let p(z) = 5*z**2 + 6*z - 1. Let u(h) = -4*h**2 - 6*h + 2. Let y(c) = -3*p(c) - 4*u(c). Determine y(w).
-10
Let c be (-214)/(-14) - -1 - (-10)/(-35). Let b(p) = 9*p + 8*p - c*p. Suppose 5 = -4*t + 1. Calculate b(t).
-1
Let x(h) = -h - 28. Let a(g) = 15*g - 378. Let t be a(23). Give x(t).
5
Let o(l) = -l**3 + 5*l**2 + 4*l - 6. Let n = -8 - -12. Let z(b) = -b**3 - 3*b**2 + 4*b - 6. Let p be z(-5). Suppose n*u + 4 = p. Calculate o(u).
14
Let q(f) = -f**2 - f. Let s be q(-1). Let g(p) = 4555 + 5*p - 6*p - p**2 - 4543. Give g(s).
12
Let p(i) = -2*i - 54. Let s = -13262 + 13234. Give p(s).
2
Let n(y) = 17*y**2 - 28*y + 9. Let t be n(4). Let c = t - 171. Let d(h) = 2*h**2 - h + 2. Determine d(c).
12
Let x(n) = -n - 3. Let l be x(-5). Let f(h) = h - 9*h - 15 - h**l - 5*h. Calculate f(-11).
7
Let f(a) = 26*a - 12. Let x(j) = 31*j - 13. Let o = 321 + -326. Let m(g) = o*x(g) + 6*f(g). What is m(3)?
-4
Let z(h) = -h + 2. Suppose -276 = -69*m + 69. Determine z(m).
-3
Let c(w) = 5*w - 55. Let l(j) = 15*j - 206. Let g(a) = -7*c(a) + 2*l(a). What is g(-4)?
-7
Let l(d) = -520 + 2*d**2 + d**3 + 1040 - 512 - 6*d**2 - 9*d. Give l(6).
26
Let f(c) be the first derivative of c + 114 + 1/2*c**2. Let o = -9 + 15. What is f(o)?
7
Let y(w) = -58*w + 56. Let l be y(1). Let j(h) = 12*h**2 - 1. Calculate j(l).
47
Let c(r) be the third derivative of 2/3*r**4 + 0*r + 0 + 5/3*r**3 + 25*r**2 - 7/30*r**5 - 1/120*r**6. Let a be c(-15). Let m(d) = -d + 5. Give m(a).
10
Suppose 9*n + 9 - 63 = 0. Let s(z) = -z**2 - 2*z. Let l(b) = -b**3 + 2*b**2 - 5*b. Let u(m) = l(m) - 4*s(m). What is u(n)?
18
Let u be ((-8)/(-3) + -2)/(74/(-333)). Let w(f) = -f - 7. What is w(u)?
-4
Let x(z) = -z**3 - 9*z**2 - 9*z - 8. Let g be x(-8). Let i(w) = g + 4*w - w - w**2 - 7. Let a(n) = -n**3 + 10*n**2 + 3*n + 93. Let u be a(11). What is i(u)?
-17
Suppose 95 = 11*y + 13*y - 25. Let j(v) = v**3 - 4*v**2 - 7*v + 2. Determine j(y).
-8
Let w(m) be the second derivative of 8*m**3/3 - 5*m**2 + 1339*m. What is w(0)?
-10
Let k(n) be the first derivative of -n**7/840 + n**6/180 - n**5/120 - 2*n**3/3 + 7*n**2/2 - 55. Let a(s) be the third derivative of k(s). Determine a(2).
-2
Let a(i) be the third derivative of -i**6/720 + i**5/12 + 69*i**4/8 - 145*i**2. Let d(x) be the second derivative of a(x). Calculate d(3).
7
Let o(s) = 7*s - 240. Let r(v) = -9*v + 481. Let y(w) = 7*o(w) + 4*r(w). Determine y(-19).
-3
Let o(g) = -4*g**2 + 2*g + 1. Let w(r) = 13*r + 16. Let t be w(-2). Let q be 1/(t/(-32)) - (-27)/(-135). What is o(q)?
-29
Let l(f) = -3 + 0 - 11862*f + 3*f**2 + 11800*f - 24. What is l(21)?
-6
Let c(k) = -k**2 + 6*k - 4. Let h = -294 - -296. Suppose 32*p - 238 = -h*p. What is c(p)?
-11
Suppose -2*r + 256 = -142. Let b = r + -193. Let g(v) be the third derivative of -v**6/120 + 7*v**5/60 - 7*v**4/24 + 2*v**3/3 + v**2. Determine g(b).
-2
Let b = 6 + -16. Let a be -42*((-2)/(3 + 1) - 0). Let r(s) = s**2 + a + 10*s + 23 - 34. Give r(b).
10
Let m(i) = -4*i - 1. Let a = 577 + -582. Let q(y) = -16*y. Let w(k) = a*m(k) + q(k). Suppose -2*t + 2*l = 4, 3 = -3*t + 3*l + l. Give w(t).
-15
Let v(w) be the third derivative of -w**5/60 + w**4/6 + w**3/3 + 3*w**2. Suppose 26*o = 18*o + 72. Suppose -126*d - o = -129*d. Determine v(d).
5
Let o(r) be the third derivative of -r**6/120 - r**5/10 - r**4/3 - 37*r**3/6 - 952*r**2. Calculate o(-5).
-22
Let n(h) = h**2 + 7*h + 4. Suppose 0 = -13*j - 85 - 201. Let w = j + 15. Give n(w).
4
Suppose 4*p + 42 = -2*f, -4*p - 43 = -4*f - 19. Let n = -5 + 11. Let q(o) = -6 - o**3 - 7 + 9*o - 2*o**2 - 2*o - n*o**2. Determine q(p).
5
Let p(s) = -6*s + 136*s**2 + 5*s + 3*s + 7*s - 135*s**2 - 18. Give p(-10).
-8
Let k(u) be the third derivative of u**5/15 - u**4/8 - 5*u**3/3 - 6143*u**2. What is k(-4)?
66
Suppose -5*o - 3*c = -35, 5*o = -c + 29 - 4. Suppose 85*y - 89*y + o = 0. Let r(z) = -2 - 15*z**2 + 1 + 5*z - 3*z + 3*z**2. What is r(y)?
-11
Let j(p) = p**3 + 6*p**2 + 6*p - 4. Let w be j(-5). Let h(s) = 23*s + 32. Let g(u) = 63*u + 86. Let v(r) = 4*g(r) - 11*h(r). Determine v(w).
1
Let p = 1 + -1. Suppose 0 = -p*j + 5*j + 20. Let h(t) = -3 - 337*t**3 - 6*t**2 - 329*t**3 - 5*t + 665*t**3. What is h(j)?
-15
Let o = -405 + 396. Let t be 2 + o + 8/4. Let u(z) = -z**2 - 5*z - 1. Give u(t).
-1
Let j(h) = -h - 1. Let a(k) = -k**2 + 3*k. Let s(r) = a(r) + 2*j(r). Suppose 0 = 19*p - 14*p + 40. Let w be (-23)/p - ((-3)/(-24))/(-1). What is s(w)?
-8
Let x(g) = 2*g**2 - 84*g + 13. Let f be x(30). Let q = 709 + f. Let c(n) = -4*n**2 + n + 2. Calculate c(q).
-12
Suppose -164 = 5*c - 74. Let m = c - -19. Suppose -r + m = j - 1, r = 4*j - 8. Let f(g) = g**3 - 3*g**2 + 3*g - 1. Give f(j).
1
Let b = 122 - 79. Let j = b - 38. Suppose d + j = -4*d. Let g(a) = -6*a - 1. Determine g(d).
5
Suppose -3 = 2*t - 3*w + 8*w, 2*w - 6 = t. Let r = 37 - 34. Let g(s) = -527*s**2 + 523*s**2 - s + 0 + 1 - s**r. What is g(t)?
5
Suppose 0 = 5*g - 5*u + 30, u = 5*u + 8. Let x be g - -4 - (-6 + 0/1). Let n(r) = 2*r**2 - 2*r + 2. Determine n(x).
6
Let p(v) = -97*v**3 - 2*v**2 - 9. Let b(n) = -218*n**3 - 3*n**2 - 18. Let j(u) = -4*b(u) + 9*p(u). Give j(-6).
-9
Let f(a) = 14*a + a**2 - 10 - 10 + 9*a**2 + 1 - 2*a**3 - 1. What is f(6)?
-8
Let w = 769507 + -769514. Let a(k) be the third derivative of k**5/60 + k**4/6 - 7*k**3/2 + k**2. Calculate a(w).
0
Let a(f) = f**3 - 6*f**2 - 3. Let h = -3964 + 3967. Calculate a(h).
-30
Suppose -2*l = 5*l - 448. Suppose -l = -11*k + 2. Let h(q) = 0*q**2 - q**2 + 3 - 2 + 6*q. Give h(k).
1
Let n be (-6)/(-15) - (-8)/5. Let d = -2 + n. Suppose -2*p = 5*i + 21, 5*i + 0*i - 4*p + 3 = d. Let z(o) = 2*o - 2. Calculate z(i).
-8
Let m(w) = -7*w**2 - 226*w + 414. Let q be m(-34). Let j(s) = 8*s + 20. What is j(q)?
68
Let n be ((-12)/42)/((-1)/21) + 32. Suppose 8*d = 4*d + 12, -5*w + n = d. Let a(r) = r**3 - 8*r**2 + 5*r + 9. Give a(w).
-5
Let a(c) = c**2 + 4*c - 2. Let w(x) be the second derivative of -24*x - 1/6*x**4 + 0 - 9/2*x**2 - 7/6*x**3. Let l be w(-2). Give a(l).
-5
Let b(g) = -7*g - 21. Let m(t) = 3*t + 11. Let p(u) = 4*b(u) + 9*m(u). Let j be ((-15)/(-25))/(4/20). Suppose 0 = -9*l + j*l. Give p(l).
15
Let f(x) = -x**3 - 171*x**2 - 4 - 169*x**2 + 342*x**2 - 13*x - 17*x + 31*x. Let d be (1 - 7)*2/(-3). Give f(d).
-32
Suppose -23*w + 18 - 179 = 0. Let r(c) = -4*c**2 - 14*c - 28. Let x(y) = -3*y**2 - 10*y - 19. Let i(s) = w*x(s) + 5*r(s). What is i(3)?
2
Let d(i) = 0 + 9*i**2 + i**3 - 9 - 10*i - 2*i**3. Suppose 3*v = 30, -51*v + 53*v = 38*t - 284. Calculate d(t).
-25
Let i(g) be the second derivative of -g**3/6 + 4*g**2 - 4*g - 68. What is i(1)?
7
Let r(p) = -5*p + 3. Let m(x) = 5*x - 4. Let j(o) = -3*m(o) - 4*r(o). Suppose 9*t - 1158 = 273. Let u = t + -157. What is j(u)?
10
Suppose -65*v = -60*v - 5*y + 10, -4*v + 2*y = 20. Let p(c) = c**2 + 3*c. Determine p(v).
40
Let n(v) be the second derivative of -v**3/3 + 21*v**2 + 2*v. Let w(y) = -5*y**2 - 372*y - 4941. Let g be w(-57). Calculate n(g).
6
Let d(p) = 6*p + 11. Let o = -12870 - -12880. What is d(o)?
71
Suppose d + 14 = 2*d - a, 4*a = -3*d + 70. Let c = 37 